ommon factor of 10 and b?
10
Let o = -388 + 696. What is the highest common divisor of o and 28?
28
Let n(f) = f**3 - 6*f**2 + 6. Let h(q) = -q**2 - 9*q + 1. Let x be h(-5). Let w = -15 + x. Let j be n(w). What is the highest common divisor of 66 and j?
6
Let o = 53 - 39. What is the highest common divisor of 21 and o?
7
Suppose 0 = -0*p + 3*p - 399. Let h(n) = n**3 - 15*n**2 + 26*n + 19. Let v be h(13). What is the greatest common factor of p and v?
19
Let z = -98 - -362. Calculate the highest common factor of 33 and z.
33
Let n = 630 + -594. What is the greatest common factor of 9 and n?
9
Suppose 2*a - 118*d - 22 = -116*d, -5*a + 4*d + 59 = 0. Let n = 0 - -3. Calculate the highest common factor of n and a.
3
Suppose 0 = 4*d - 0*d + 12. Let a = 11 + d. Calculate the greatest common factor of 16 and a.
8
Suppose 0*b + 2 = b. Let m = -370 - -378. What is the highest common factor of b and m?
2
Let q = -222 - -362. What is the greatest common factor of 7 and q?
7
Let k be (18/4)/((-2)/(-4)). Let f be 10/(1 - 12/k). Let s = f - -42. Calculate the greatest common divisor of 96 and s.
12
Let m(g) = 5*g**2 - 1. Suppose 5*y - 2*x + 28 = 7, 5*x - 18 = y. Let f be m(y). Calculate the highest common divisor of 11 and f.
11
Let q = 19 - -59. Let m be (-8)/32*0 + q/1. Calculate the highest common divisor of 117 and m.
39
Suppose -32 = -w + 34. Calculate the greatest common divisor of w and 12.
6
Suppose y = 2*s + 36, 3*y = -0*s + 4*s + 114. What is the greatest common divisor of y and 63?
21
Let f = -32 - -76. Let m = f + 298. Calculate the highest common factor of 38 and m.
38
Let h be (2 + 2)/(4/154). Let d = -3602 + 3609. What is the greatest common factor of d and h?
7
Suppose h = -43*h + 5280. Calculate the greatest common factor of 60 and h.
60
Let f(s) = -s**3 + s**2 + s + 4. Let m be f(0). Suppose 11 + 5 = m*h. Let z be 0/((-4)/(-1)) - -36. What is the highest common factor of h and z?
4
Suppose -15 = -3*t + 3*j + j, 0 = -j. Suppose 0*a = a - u - 3, 2*a - u = 3. Let s = t + a. Calculate the greatest common factor of s and 5.
5
Let o be -2*((-28)/8 - -3). Let d be (-186)/155*(-40)/6. Calculate the highest common factor of o and d.
1
Let l = 625 - 232. Calculate the greatest common factor of l and 655.
131
Let i be (-490)/(-25) + (-6)/10. Let v = 1365 + -1270. Calculate the highest common factor of i and v.
19
Let d = 7 - 7. Let h be d - 2 - (-90)/9. Let f(z) = -4*z**2 + 31*z - 1. Let q be f(7). Calculate the greatest common factor of h and q.
4
Let w = 78 - 40. Let u = w - 28. What is the greatest common divisor of 2 and u?
2
Suppose 3*i - 294 = n + 2*n, 0 = -2*n - 5*i - 196. Let o = -30 - n. Calculate the greatest common divisor of 17 and o.
17
Let o(y) = -y**3 - 2*y**2 - 2*y. Let g be o(-4). Let i = g - 17. What is the greatest common factor of i and 253?
23
Suppose -5*u = -4*y + 2*y - 4890, -4875 = -5*u + 5*y. Calculate the greatest common factor of u and 20.
20
Let m = -2026 + 2054. Calculate the highest common factor of 2268 and m.
28
Suppose 0 = -2*z + z - 2, -18 = -4*p - z. Suppose q - 25 = -p. Calculate the highest common divisor of 50 and q.
10
Let c(o) = -o**2 + 7*o - 1. Let s be c(4). Suppose -s*p - 6 = -14*p. Let n be 14 - (1 + 3*-1). Calculate the greatest common factor of n and p.
2
Suppose -4*w + 19 = -61. Let b(u) be the third derivative of u**5/60 + u**4/24 - 4*u**2. Let s be b(-5). Calculate the greatest common divisor of s and w.
20
Let b be (-3 + -6)/3 + (67 - 1). Let s = -19 + b. Let w = 8 + -4. Calculate the greatest common factor of w and s.
4
Suppose 0 = 5*u + 4*k - 164, 3 = -u - 3*k + 38. What is the highest common factor of u and 4?
4
Let p = 0 - 3. Let c = 18 - p. Let i = 889 - 805. What is the greatest common factor of i and c?
21
Let r = 1006 - 590. Calculate the highest common divisor of 32 and r.
32
Suppose -3*a + 1489 = -1535. What is the greatest common divisor of a and 72?
72
Let j(q) = q**3 - 2*q**2 - 6*q + 22. Let i be j(4). Calculate the greatest common divisor of 15 and i.
15
Let u(o) = o**3 + 5*o**2 + 6*o + 14. Let t be u(-4). What is the greatest common divisor of t and 114?
6
Let h(x) = -4*x + 12*x - 6*x + 189. Let v be h(0). What is the greatest common divisor of 21 and v?
21
Let z(u) = -2*u**3 + 3*u**2 - 2*u + 1. Let s be z(3). Let i(g) = 2*g - 27. Let k be i(11). Let v = k - s. What is the greatest common factor of 9 and v?
9
Let w be 39/5 + 2/10. Suppose -w*t + 16 = -4*t. Suppose -t*q + 20 = -52. What is the highest common factor of 36 and q?
18
Suppose 115*y - 112*y = 1617. What is the greatest common divisor of 21 and y?
7
Let g be 46 + (-4 + -4 - -2). Calculate the highest common factor of 920 and g.
40
Suppose -1499 = -4*o - 219. Calculate the highest common divisor of o and 80.
80
Let o = -964 + 968. Suppose n - 2 - 2 = 0. Suppose 0 = 2*q - 3*u - n, -5*u - 3 + 33 = o*q. What is the highest common factor of 55 and q?
5
Let t be 6/15 - 1426/(-10). Let o(b) = -b**2 - 26*b + 205. Let h be o(-32). What is the greatest common divisor of t and h?
13
Suppose -2*f + 40 = 5*p + 3*f, -f - 1 = -2*p. Suppose x - r - p*r = 5, 89 = 5*x - 4*r. Calculate the highest common factor of x and 63.
21
Suppose -23*w = -8*w - 5025. Calculate the greatest common divisor of 15 and w.
5
Suppose 0 = -v - 4*v + 5*a + 50, -3*v - 5*a = -6. Let p = 13 - v. Let c = -761 + 767. Calculate the highest common factor of p and c.
6
Suppose -l - 6*c = -300, -3*l + 927 - 132 = -3*c. What is the greatest common divisor of l and 702?
54
Let o(y) = -2*y**3 + 45*y**2 - 18*y + 32. Suppose 0*d + d = 22. Let h be o(d). What is the greatest common factor of 48 and h?
24
Let q be -2 + -3 + 6 + 4. Suppose q*n = x - 12, 5*n = 5*x - 2*x - 16. Let g = x - -20. What is the greatest common divisor of 33 and g?
11
Suppose p + 926 = -17*r + 19*r, 4*p = 5*r - 2309. Calculate the greatest common factor of 15 and r.
15
Suppose -2*g = 5*n - 25, -4*g + 35*n = 38*n - 71. Calculate the greatest common divisor of 44 and g.
4
Let n be -8*(-2 - -1*1). Let i be 2/(-9) - 1248/(-27). Let y = 50 - i. Calculate the highest common divisor of n and y.
4
Let k be (403/52)/((-3)/(-12)). Calculate the greatest common divisor of k and 527.
31
Let v(g) = -19*g - 4. Let u be v(4). Let s be 2/11 + u/(-44). Suppose 48 = 3*c - 4*i - 2, i = c - 15. Calculate the highest common divisor of s and c.
2
Let p = 25 + -23. Suppose 0 = -p*z - 6*w + 2*w, 12 = 2*z - 2*w. Suppose -z*q = -2*v - 40, q - 4*v = v + 28. What is the highest common factor of 1 and q?
1
Let t = 261 + -216. Let u(h) = 4*h - 3. Let f be u(2). What is the highest common divisor of t and f?
5
Suppose -3*u + 18 = 3*z, 2*u + z - 9 = 2*z. Suppose 6*x = x + u. Let y be ((-8)/4 - x) + 22. Calculate the highest common factor of y and 19.
19
Let m(o) = -o**3 - 7*o**2 - 12*o + 4. Let a be m(-4). Let t be 14/28 - ((-54)/a + -1). Calculate the greatest common factor of 3 and t.
3
Suppose p = 2*v - 717, -p + 2 = -1. Let d be 1/(((-717)/v - -3) + -1). What is the highest common factor of d and 15?
15
Let k(l) = -7*l + 35. Let v be k(-4). What is the highest common divisor of v and 231?
21
Suppose -2*y + 6*y = 2*j - 76, -107 = -3*j - y. Let r = 41 + -59. Let m = r + 30. What is the highest common factor of m and j?
12
Suppose 4*h - 4*v = -60, 3*h + 53 = 8*v - 3*v. Suppose -3*z = 6, 3*z - 56 = 3*t - 14. Let f = h - t. Calculate the highest common divisor of 1 and f.
1
Suppose -52 = -3*n - 0*y - 2*y, 4*n + 4*y = 76. Suppose 0 = 3*i - i, 0 = -3*p + 4*i + 84. Calculate the highest common divisor of p and n.
14
Let t = -100 - -102. Suppose t*f + f = 255. Calculate the greatest common factor of f and 34.
17
Let x be 5 - (-85)/(-5)*-1. Calculate the greatest common divisor of x and 176.
22
Let m be (-1860)/(-78) - 4/(-26). What is the greatest common divisor of m and 192?
24
Suppose -5*x - 116 = 5*a - 871, -3 = a. Calculate the highest common factor of 14 and x.
14
Suppose -2 = -r + 40. Suppose -i + 3*i - r = 0. Let m = -50 + 134. What is the highest common divisor of m and i?
21
Suppose 6 = -5*z + 1. Let x be (z/(-2))/((-3)/(-30)). Suppose -j + x = -6. What is the greatest common divisor of 121 and j?
11
Let m be -30 - -2 - (-1 + 4). Let q = m + 29. Let t be q/6*330/(-11). What is the greatest common factor of t and 4?
2
Let o be 1150/